{"id":139,"date":"2022-12-01T20:03:38","date_gmt":"2022-12-01T20:03:38","guid":{"rendered":"https:\/\/chezdany.ch\/wordpress\/?page_id=139"},"modified":"2022-12-02T10:06:36","modified_gmt":"2022-12-02T10:06:36","slug":"mentions-legales","status":"publish","type":"page","link":"https:\/\/chezdany.ch\/wordpress\/index.php\/mentions-legales\/","title":{"rendered":"mentions l\u00e9gales"},"content":{"rendered":"<h3>\n<p class=\"p1\"><strong><span class=\"s1\">MENTIONS L\u00c9GALES<\/span><\/strong><\/p>\n<\/h3>\n<p><img decoding=\"async\" src=\"\/wordpress\/wp-content\/uploads\/2022\/12\/hache.png\" alt=\"\"><\/p>\n<div>\n<p><strong>direction artistique &amp; cr\u00e9ation graphique<\/strong><br \/>mydeesign <span class=\"s1\"><a href=\"http:\/\/www.mydee.fr\/\" target=\"_blank\" rel=\"noopener\">www.mydee.fr<\/a><\/span><\/p>\n<p><strong>int\u00e9gration &amp; d\u00e9veloppement<\/strong><br \/>2022 \/ kis communication <a href=\"https:\/\/www.kiscommunication.ch\/\" target=\"_blank\" rel=\"noopener\">www.kiscommunication.ch<\/a><br \/>2018 \/ otis f\u00e9ru\u00a0<br \/>2015 \/ julien tade\u00ef\u00a0<\/p>\n<p><strong>photographes<\/strong><br \/>fanny pillonel <a href=\"https:\/\/fannypillonel.ch\/\" target=\"_blank\" rel=\"noopener\">www.fannypillonel.ch<\/a><br \/>1934 bruson, suisse<br \/>\u2013<br \/>s\u00e9bastien baritussio\u00a0<a href=\"https:\/\/www.facebook.com\/baritussio.sebastien\">facebook<\/a><br \/>1936 verbier, suisse<br \/>\u2013<br \/>simon bajada\u00a0\u00a0<a href=\"http:\/\/simonbajada.com\/\" target=\"_blank\" rel=\"noopener\">www.simonbajada.com<\/a><br \/>stockholm<br \/>\u2013<br \/>thomas roulin\u00a0<a href=\"https:\/\/alpimages.ch\/\" target=\"_blank\" rel=\"noopener\">www.alpimages.ch<\/a><br \/>1936 verbier, suisse<br \/>\u2013<br \/>m\u00e9lodie sky\u00a0<a href=\"https:\/\/melodysky.com\/\" target=\"_blank\" rel=\"noopener\">www.melodysky.com<\/a><br \/>1936 verbier, suisse<\/p>\n<p><strong>illustration<\/strong><br \/>fran\u00e7ois pensec\u00a0<a href=\"https:\/\/www.instagram.com\/metrosketcher\/?hl=fr\" target=\"_blank\" rel=\"noopener\">instagram<\/a><br \/>qu\u00e9bec<\/p>\n<\/div>\n<p><!--more--><br \/>\n<!-- {\"type\":\"layout\",\"children\":[{\"type\":\"section\",\"props\":{\"image_position\":\"center-center\",\"style\":\"default\",\"title_breakpoint\":\"xl\",\"title_position\":\"top-left\",\"title_rotation\":\"left\",\"vertical_align\":\"middle\",\"width\":\"default\"},\"children\":[{\"type\":\"row\",\"props\":{\"layout\":\"1-5,3-5,1-5\"},\"children\":[{\"type\":\"column\",\"props\":{\"image_position\":\"center-center\",\"media_overlay_gradient\":\"\",\"position_sticky_breakpoint\":\"m\",\"width_medium\":\"1-5\"},\"children\":[]},{\"type\":\"column\",\"props\":{\"image_position\":\"center-center\",\"media_overlay_gradient\":\"\",\"position_sticky_breakpoint\":\"m\",\"width_medium\":\"3-5\"},\"children\":[{\"type\":\"headline\",\"props\":{\"content\":\"\n\n<p class=\\\"p1\\\"><strong><span class=\\\"s1\\\">MENTIONS L\\u00c9GALES<\\\/span><\\\/strong><\\\/p>\",\"text_align\":\"center\",\"title_element\":\"h3\",\"title_style\":\"h3\"}},{\"type\":\"image\",\"props\":{\"image\":\"wp-content\\\/uploads\\\/2022\\\/12\\\/hache.png\",\"image_svg_color\":\"emphasis\",\"margin\":\"default\",\"text_align\":\"center\"}},{\"type\":\"text\",\"props\":{\"column_breakpoint\":\"m\",\"content\":\"\n\n<p><strong>direction artistique &amp; cr\\u00e9ation graphique<\\\/strong><br \\\/>mydeesign <span class=\\\"s1\\\"><a href=\\\"http:\\\/\\\/www.mydee.fr\\\/\\\" target=\\\"_blank\\\" rel=\\\"noopener\\\">www.mydee.fr<\\\/a><\\\/span><\\\/p>\\n\n\n<p><strong>int\\u00e9gration &amp; d\\u00e9veloppement<\\\/strong><br \\\/>2022 \\\/ kis communication <a href=\\\"https:\\\/\\\/www.kiscommunication.ch\\\/\\\" target=\\\"_blank\\\" rel=\\\"noopener\\\">www.kiscommunication.ch<\\\/a><br \\\/>2018 \\\/ otis f\\u00e9ru\\u00a0<br \\\/>2015 \\\/ julien tade\\u00ef\\u00a0<br \\\/><br \\\/><strong>photographes<\\\/strong><br \\\/>fanny pillonel <a href=\\\"https:\\\/\\\/fannypillonel.ch\\\/\\\" target=\\\"_blank\\\" rel=\\\"noopener\\\">www.fannypillonel.ch<\\\/a><br \\\/>1934 bruson, suisse<br \\\/>\\u2013<br \\\/>s\\u00e9bastien baritussio\\u00a0<a href=\\\"https:\\\/\\\/www.facebook.com\\\/baritussio.sebastien\\\">facebook<\\\/a><br \\\/>1936 verbier, suisse<br \\\/>\\u2013<br \\\/>simon bajada\\u00a0\\u00a0<a href=\\\"http:\\\/\\\/simonbajada.com\\\/\\\" target=\\\"_blank\\\" rel=\\\"noopener\\\">www.simonbajada.com<\\\/a><br \\\/>stockholm<br \\\/>\\u2013<br \\\/>thomas roulin\\u00a0<a href=\\\"https:\\\/\\\/alpimages.ch\\\/\\\" target=\\\"_blank\\\" rel=\\\"noopener\\\">www.alpimages.ch<\\\/a><br \\\/>1936 verbier, suisse<br \\\/>\\u2013<br \\\/>m\\u00e9lodie sky\\u00a0<a href=\\\"https:\\\/\\\/melodysky.com\\\/\\\" target=\\\"_blank\\\" rel=\\\"noopener\\\">www.melodysky.com<\\\/a><br \\\/>1936 verbier, suisse<br \\\/><br \\\/><strong>illustration<\\\/strong><br \\\/>fran\\u00e7ois pensec\\u00a0<a href=\\\"https:\\\/\\\/www.instagram.com\\\/metrosketcher\\\/?hl=fr\\\" target=\\\"_blank\\\" rel=\\\"noopener\\\">instagram<\\\/a><br \\\/>qu\\u00e9bec<\\\/p>\",\"margin\":\"default\",\"text_align\":\"center\"}}]},{\"type\":\"column\",\"props\":{\"image_position\":\"center-center\",\"media_overlay_gradient\":\"\",\"position_sticky_breakpoint\":\"m\",\"width_medium\":\"1-5\"},\"children\":[]}]}],\"name\":\"mentions l\\u00e9gales\"}],\"version\":\"3.0.14\"} --><\/p>\n","protected":false},"excerpt":{"rendered":"<p>MENTIONS L\u00c9GALES direction artistique &amp; cr\u00e9ation graphiquemydeesign www.mydee.fr int\u00e9gration &amp; d\u00e9veloppement2022 \/ kis communication www.kiscommunication.ch2018 \/ otis f\u00e9ru\u00a02015 \/ julien tade\u00ef\u00a0 photographesfanny pillonel www.fannypillonel.ch1934 bruson, suisse\u2013s\u00e9bastien baritussio\u00a0facebook1936 verbier, suisse\u2013simon bajada\u00a0\u00a0www.simonbajada.comstockholm\u2013thomas roulin\u00a0www.alpimages.ch1936 verbier, suisse\u2013m\u00e9lodie sky\u00a0www.melodysky.com1936 verbier, suisse illustrationfran\u00e7ois pensec\u00a0instagramqu\u00e9bec<\/p>\n","protected":false},"author":1,"featured_media":0,"parent":0,"menu_order":0,"comment_status":"closed","ping_status":"closed","template":"","meta":{"footnotes":""},"class_list":["post-139","page","type-page","status-publish","hentry"],"yoast_head":"<!-- This site is optimized with the Yoast SEO plugin v26.7 - https:\/\/yoast.com\/wordpress\/plugins\/seo\/ -->\n<title>mentions l\u00e9gales - Chez Dany<\/title>\n<meta name=\"robots\" content=\"index, follow, max-snippet:-1, max-image-preview:large, max-video-preview:-1\" \/>\n<link rel=\"canonical\" href=\"https:\/\/chezdany.ch\/wordpress\/index.php\/mentions-legales\/\" \/>\n<meta property=\"og:locale\" content=\"fr_FR\" \/>\n<meta property=\"og:type\" content=\"article\" \/>\n<meta property=\"og:title\" content=\"mentions l\u00e9gales - Chez Dany\" \/>\n<meta property=\"og:description\" content=\"MENTIONS L\u00c9GALES direction artistique &amp; cr\u00e9ation graphiquemydeesign www.mydee.fr int\u00e9gration &amp; d\u00e9veloppement2022 \/ kis communication www.kiscommunication.ch2018 \/ otis f\u00e9ru\u00a02015 \/ julien tade\u00ef\u00a0 photographesfanny pillonel www.fannypillonel.ch1934 bruson, suisse\u2013s\u00e9bastien baritussio\u00a0facebook1936 verbier, suisse\u2013simon bajada\u00a0\u00a0www.simonbajada.comstockholm\u2013thomas roulin\u00a0www.alpimages.ch1936 verbier, suisse\u2013m\u00e9lodie sky\u00a0www.melodysky.com1936 verbier, suisse illustrationfran\u00e7ois pensec\u00a0instagramqu\u00e9bec\" \/>\n<meta property=\"og:url\" content=\"https:\/\/chezdany.ch\/wordpress\/index.php\/mentions-legales\/\" \/>\n<meta property=\"og:site_name\" content=\"Chez Dany\" \/>\n<meta property=\"article:publisher\" content=\"https:\/\/www.facebook.com\/chezdanyverbier\" \/>\n<meta property=\"article:modified_time\" content=\"2022-12-02T10:06:36+00:00\" \/>\n<meta name=\"twitter:card\" content=\"summary_large_image\" \/>\n<script type=\"application\/ld+json\" class=\"yoast-schema-graph\">{\"@context\":\"https:\/\/schema.org\",\"@graph\":[{\"@type\":\"WebPage\",\"@id\":\"https:\/\/chezdany.ch\/wordpress\/index.php\/mentions-legales\/\",\"url\":\"https:\/\/chezdany.ch\/wordpress\/index.php\/mentions-legales\/\",\"name\":\"mentions l\u00e9gales - Chez Dany\",\"isPartOf\":{\"@id\":\"https:\/\/chezdany.ch\/wordpress\/#website\"},\"datePublished\":\"2022-12-01T20:03:38+00:00\",\"dateModified\":\"2022-12-02T10:06:36+00:00\",\"breadcrumb\":{\"@id\":\"https:\/\/chezdany.ch\/wordpress\/index.php\/mentions-legales\/#breadcrumb\"},\"inLanguage\":\"fr-FR\",\"potentialAction\":[{\"@type\":\"ReadAction\",\"target\":[\"https:\/\/chezdany.ch\/wordpress\/index.php\/mentions-legales\/\"]}]},{\"@type\":\"BreadcrumbList\",\"@id\":\"https:\/\/chezdany.ch\/wordpress\/index.php\/mentions-legales\/#breadcrumb\",\"itemListElement\":[{\"@type\":\"ListItem\",\"position\":1,\"name\":\"Accueil\",\"item\":\"https:\/\/chezdany.ch\/wordpress\/\"},{\"@type\":\"ListItem\",\"position\":2,\"name\":\"mentions l\u00e9gales\"}]},{\"@type\":\"WebSite\",\"@id\":\"https:\/\/chezdany.ch\/wordpress\/#website\",\"url\":\"https:\/\/chezdany.ch\/wordpress\/\",\"name\":\"Chez Dany\",\"description\":\"Restaurant de Montagne\",\"publisher\":{\"@id\":\"https:\/\/chezdany.ch\/wordpress\/#organization\"},\"potentialAction\":[{\"@type\":\"SearchAction\",\"target\":{\"@type\":\"EntryPoint\",\"urlTemplate\":\"https:\/\/chezdany.ch\/wordpress\/?s={search_term_string}\"},\"query-input\":{\"@type\":\"PropertyValueSpecification\",\"valueRequired\":true,\"valueName\":\"search_term_string\"}}],\"inLanguage\":\"fr-FR\"},{\"@type\":\"Organization\",\"@id\":\"https:\/\/chezdany.ch\/wordpress\/#organization\",\"name\":\"Chez Dany\",\"url\":\"https:\/\/chezdany.ch\/wordpress\/\",\"logo\":{\"@type\":\"ImageObject\",\"inLanguage\":\"fr-FR\",\"@id\":\"https:\/\/chezdany.ch\/wordpress\/#\/schema\/logo\/image\/\",\"url\":\"https:\/\/chezdany.ch\/wordpress\/wp-content\/uploads\/2022\/12\/logo-chezdany-noir.png\",\"contentUrl\":\"https:\/\/chezdany.ch\/wordpress\/wp-content\/uploads\/2022\/12\/logo-chezdany-noir.png\",\"width\":1100,\"height\":285,\"caption\":\"Chez Dany\"},\"image\":{\"@id\":\"https:\/\/chezdany.ch\/wordpress\/#\/schema\/logo\/image\/\"},\"sameAs\":[\"https:\/\/www.facebook.com\/chezdanyverbier\",\"https:\/\/www.instagram.com\/chezdanyverbier\/\"]}]}<\/script>\n<!-- \/ Yoast SEO plugin. -->","yoast_head_json":{"title":"mentions l\u00e9gales - Chez Dany","robots":{"index":"index","follow":"follow","max-snippet":"max-snippet:-1","max-image-preview":"max-image-preview:large","max-video-preview":"max-video-preview:-1"},"canonical":"https:\/\/chezdany.ch\/wordpress\/index.php\/mentions-legales\/","og_locale":"fr_FR","og_type":"article","og_title":"mentions l\u00e9gales - Chez Dany","og_description":"MENTIONS L\u00c9GALES direction artistique &amp; cr\u00e9ation graphiquemydeesign www.mydee.fr int\u00e9gration &amp; d\u00e9veloppement2022 \/ kis communication www.kiscommunication.ch2018 \/ otis f\u00e9ru\u00a02015 \/ julien tade\u00ef\u00a0 photographesfanny pillonel www.fannypillonel.ch1934 bruson, suisse\u2013s\u00e9bastien baritussio\u00a0facebook1936 verbier, suisse\u2013simon bajada\u00a0\u00a0www.simonbajada.comstockholm\u2013thomas roulin\u00a0www.alpimages.ch1936 verbier, suisse\u2013m\u00e9lodie sky\u00a0www.melodysky.com1936 verbier, suisse illustrationfran\u00e7ois pensec\u00a0instagramqu\u00e9bec","og_url":"https:\/\/chezdany.ch\/wordpress\/index.php\/mentions-legales\/","og_site_name":"Chez Dany","article_publisher":"https:\/\/www.facebook.com\/chezdanyverbier","article_modified_time":"2022-12-02T10:06:36+00:00","twitter_card":"summary_large_image","schema":{"@context":"https:\/\/schema.org","@graph":[{"@type":"WebPage","@id":"https:\/\/chezdany.ch\/wordpress\/index.php\/mentions-legales\/","url":"https:\/\/chezdany.ch\/wordpress\/index.php\/mentions-legales\/","name":"mentions l\u00e9gales - Chez Dany","isPartOf":{"@id":"https:\/\/chezdany.ch\/wordpress\/#website"},"datePublished":"2022-12-01T20:03:38+00:00","dateModified":"2022-12-02T10:06:36+00:00","breadcrumb":{"@id":"https:\/\/chezdany.ch\/wordpress\/index.php\/mentions-legales\/#breadcrumb"},"inLanguage":"fr-FR","potentialAction":[{"@type":"ReadAction","target":["https:\/\/chezdany.ch\/wordpress\/index.php\/mentions-legales\/"]}]},{"@type":"BreadcrumbList","@id":"https:\/\/chezdany.ch\/wordpress\/index.php\/mentions-legales\/#breadcrumb","itemListElement":[{"@type":"ListItem","position":1,"name":"Accueil","item":"https:\/\/chezdany.ch\/wordpress\/"},{"@type":"ListItem","position":2,"name":"mentions l\u00e9gales"}]},{"@type":"WebSite","@id":"https:\/\/chezdany.ch\/wordpress\/#website","url":"https:\/\/chezdany.ch\/wordpress\/","name":"Chez Dany","description":"Restaurant de Montagne","publisher":{"@id":"https:\/\/chezdany.ch\/wordpress\/#organization"},"potentialAction":[{"@type":"SearchAction","target":{"@type":"EntryPoint","urlTemplate":"https:\/\/chezdany.ch\/wordpress\/?s={search_term_string}"},"query-input":{"@type":"PropertyValueSpecification","valueRequired":true,"valueName":"search_term_string"}}],"inLanguage":"fr-FR"},{"@type":"Organization","@id":"https:\/\/chezdany.ch\/wordpress\/#organization","name":"Chez Dany","url":"https:\/\/chezdany.ch\/wordpress\/","logo":{"@type":"ImageObject","inLanguage":"fr-FR","@id":"https:\/\/chezdany.ch\/wordpress\/#\/schema\/logo\/image\/","url":"https:\/\/chezdany.ch\/wordpress\/wp-content\/uploads\/2022\/12\/logo-chezdany-noir.png","contentUrl":"https:\/\/chezdany.ch\/wordpress\/wp-content\/uploads\/2022\/12\/logo-chezdany-noir.png","width":1100,"height":285,"caption":"Chez Dany"},"image":{"@id":"https:\/\/chezdany.ch\/wordpress\/#\/schema\/logo\/image\/"},"sameAs":["https:\/\/www.facebook.com\/chezdanyverbier","https:\/\/www.instagram.com\/chezdanyverbier\/"]}]}},"_links":{"self":[{"href":"https:\/\/chezdany.ch\/wordpress\/index.php\/wp-json\/wp\/v2\/pages\/139","targetHints":{"allow":["GET"]}}],"collection":[{"href":"https:\/\/chezdany.ch\/wordpress\/index.php\/wp-json\/wp\/v2\/pages"}],"about":[{"href":"https:\/\/chezdany.ch\/wordpress\/index.php\/wp-json\/wp\/v2\/types\/page"}],"author":[{"embeddable":true,"href":"https:\/\/chezdany.ch\/wordpress\/index.php\/wp-json\/wp\/v2\/users\/1"}],"replies":[{"embeddable":true,"href":"https:\/\/chezdany.ch\/wordpress\/index.php\/wp-json\/wp\/v2\/comments?post=139"}],"version-history":[{"count":7,"href":"https:\/\/chezdany.ch\/wordpress\/index.php\/wp-json\/wp\/v2\/pages\/139\/revisions"}],"predecessor-version":[{"id":259,"href":"https:\/\/chezdany.ch\/wordpress\/index.php\/wp-json\/wp\/v2\/pages\/139\/revisions\/259"}],"wp:attachment":[{"href":"https:\/\/chezdany.ch\/wordpress\/index.php\/wp-json\/wp\/v2\/media?parent=139"}],"curies":[{"name":"wp","href":"https:\/\/api.w.org\/{rel}","templated":true}]}}