{"id":11,"date":"2022-12-01T17:07:09","date_gmt":"2022-12-01T17:07:09","guid":{"rendered":"https:\/\/chezdany.ch\/wordpress\/?page_id=11"},"modified":"2025-01-10T12:35:14","modified_gmt":"2025-01-10T12:35:14","slug":"chez-dany","status":"publish","type":"page","link":"https:\/\/chezdany.ch\/wordpress\/","title":{"rendered":"chez dany"},"content":{"rendered":"<p><img decoding=\"async\" src=\"\/wordpress\/wp-content\/uploads\/2022\/12\/logo-chezdany-noir.png\" alt=\"\"><\/p>\n<div>\n<p>chez dany \/ restaurant d&rsquo;altitude \/ hameau de clambin <br \/><strong><span style=\"font-size: 22px;\">1936<\/span><\/strong> verbier \/ suisse<\/p>\n<\/div>\n<p><img decoding=\"async\" src=\"\/wordpress\/wp-content\/uploads\/2022\/12\/hache.png\" alt=\"\"><\/p>\n<div>nich\u00e9 au c\u0153ur du hameau de clambin, le restaurant vous accueille midi et soir durant toute la saison d&rsquo;hiver &#038; d&rsquo;\u00e9t\u00e9, dans un chalet authentique, loin de la foule, en t\u00eate \u00e0 t\u00eate avec les montagnes. d\u00e9gustez une cuisine traditionnelle retravaill\u00e9e \u00e0 base de produits frais de la r\u00e9gion, mijot\u00e9e chaque jour par notre chef et son \u00e9quipe. venez partager un moment inoubliable dans une ambiance chaleureuses. \u00e0 seulement 20 minutes \u00e0 pied de carrefour ou 10 minutes en ski des ruinettes, suivez la carte ci-dessous pour rejoindre le restaurant et d\u00e9couvrez tous les chemins qui m\u00e8nent au hameau de clambin.\n<\/div>\n<ul>\n<li>\n<p>        <img decoding=\"async\" src=\"\/wordpress\/wp-content\/uploads\/2022\/12\/photo-accueil-galerie1-01.png\" alt=\"\"><\/p>\n<\/li>\n<li>\n<p>        <img decoding=\"async\" src=\"\/wordpress\/wp-content\/uploads\/2022\/12\/007bc-photo-accueil-galerie1-00-compressor.jpg\" alt=\"\"><\/p>\n<\/li>\n<li>\n<p>        <img decoding=\"async\" src=\"\/wordpress\/wp-content\/uploads\/2022\/12\/photo-chezdany-000.png\" alt=\"\"><\/p>\n<\/li>\n<li>\n<p>        <img decoding=\"async\" src=\"\/wordpress\/wp-content\/uploads\/2022\/12\/af783-photo-accueil-galerie1-04-compressor.jpg\" alt=\"\"><\/p>\n<\/li>\n<li>\n<p>        <img decoding=\"async\" src=\"\/wordpress\/wp-content\/uploads\/2022\/12\/c4f86-photo-accueil-galerie1-03-compressor.jpg\" alt=\"\"><\/p>\n<\/li>\n<li>\n<p>        <img decoding=\"async\" src=\"\/wordpress\/wp-content\/uploads\/2022\/12\/da0c1-photo-accueil-galerie1-02-compressor.jpg\" alt=\"\"><\/p>\n<\/li>\n<li>\n<p>        <img decoding=\"async\" src=\"\/wordpress\/wp-content\/uploads\/2022\/12\/1e033-photo-accueil-galerie2-00.jpg\" alt=\"\"><\/p>\n<\/li>\n<\/ul>\n<p><img decoding=\"async\" src=\"\/wordpress\/wp-content\/uploads\/2022\/12\/ecureuil.png\" alt=\"\"><\/p>\n<h3><strong>CARTE DU PAYS DE CLAMBIN<\/strong><\/h3>\n<div>latitude : 46.086701 \/ longitude : 7.236324 \/ altitude : 1715 m\u00e8tres\n<\/div>\n<p><a href=\"\/wordpress\/wp-content\/uploads\/2022\/12\/carte-scaled.jpg\"><img decoding=\"async\" src=\"\/wordpress\/wp-content\/uploads\/2022\/12\/carte-scaled.jpg\" alt=\"\"><\/a><br \/>\n<img decoding=\"async\" src=\"\/wordpress\/wp-content\/uploads\/2022\/12\/montagnes-illustration.png\" alt=\"\"><\/p>\n<h3><strong>CONTACT &amp; ACC\u00c8S<\/strong><\/h3>\n<div>hameau de clambin \/ 1936\u00a0verbier \/ suisse<br \/>\n<span style=\"font-size: 22px;\">027 771 25 24<\/span> <\/div>\n<ul>\n<li><a href=\"https:\/\/www.facebook.com\/chezdanyverbier\">facebook<\/a>\n<\/li>\n<li><a href=\"https:\/\/www.instagram.com\/chezdanyverbier\/\">instagram<\/a>\n<\/li>\n<\/ul>\n<div>\n<p>46.086706,7.2362824<\/p>\n<div>\n<h4><span>Chez Dany<\/span><\/h4>\n<p><span>Hameau de Clambin, 10<\/span><br \/><span>1936 Verbier \/ Suisse<\/span><\/p>\n<\/div>\n<\/div>\n<p><!--more--><br \/>\n<!-- {\"type\":\"layout\",\"children\":[{\"name\":\"Image\",\"type\":\"section\",\"props\":{\"css\":\".el-section > [class*='uk-background-'] { min-height: 40vh; }\",\"height_viewport\":false,\"image\":\"wp-content\\\/uploads\\\/2022\\\/12\\\/chez-dany-credits-Barara-jacops-les-petites-pestes-36-scaled.jpg\",\"image_effect\":\"fixed\",\"image_fixed\":true,\"image_loading\":true,\"image_position\":\"center-center\",\"image_size\":\"width-1-1\",\"image_width\":\"2560\",\"padding\":\"large\",\"preserve_color\":false,\"style\":\"default\",\"text_color\":\"light\",\"title_breakpoint\":\"xl\",\"title_position\":\"top-left\",\"title_rotation\":\"left\",\"vertical_align\":\"\",\"width\":\"default\"},\"children\":[{\"type\":\"row\",\"children\":[{\"type\":\"column\",\"props\":{\"image_position\":\"center-center\",\"position_sticky_breakpoint\":\"m\",\"width_medium\":\"1-1\"}}],\"props\":{\"height\":\"viewport\",\"height_offset_top\":true,\"height_viewport\":80}}]},{\"type\":\"section\",\"props\":{\"image_height\":\"200\",\"image_position\":\"center-center\",\"image_size\":\"width-1-1\",\"padding\":\"small\",\"status\":\"disabled\",\"style\":\"secondary\",\"title_breakpoint\":\"xl\",\"title_position\":\"top-left\",\"title_rotation\":\"left\",\"vertical_align\":\"\",\"width\":\"default\"},\"children\":[{\"type\":\"row\",\"props\":{\"layout\":\"1-5,3-5,1-5\"},\"children\":[{\"type\":\"column\",\"props\":{\"image_position\":\"center-center\",\"position_sticky_breakpoint\":\"m\",\"width_medium\":\"1-5\"}},{\"type\":\"column\",\"props\":{\"image_position\":\"center-center\",\"position_sticky_breakpoint\":\"m\",\"width_medium\":\"3-5\"},\"children\":[{\"type\":\"headline\",\"props\":{\"content\":\"<strong>OUVERTURE LE 7 DECEMBRE<\\\/strong>\",\"text_align\":\"center\",\"title_color\":\"primary\",\"title_element\":\"h1\",\"title_style\":\"h1\"}}]},{\"type\":\"column\",\"props\":{\"image_position\":\"center-center\",\"position_sticky_breakpoint\":\"m\",\"width_medium\":\"1-5\"}}]}]},{\"name\":\"message accueil\",\"type\":\"section\",\"props\":{\"animation\":\"fade\",\"animation_delay\":false,\"image_position\":\"bottom-right\",\"style\":\"default\",\"title_breakpoint\":\"xl\",\"title_position\":\"top-left\",\"title_rotation\":\"left\",\"vertical_align\":\"\",\"width\":\"default\"},\"children\":[{\"type\":\"row\",\"props\":{\"layout\":\"1-5,3-5,1-5\"},\"children\":[{\"type\":\"column\",\"props\":{\"image_position\":\"center-center\",\"position_sticky_breakpoint\":\"m\",\"width_medium\":\"1-5\"}},{\"type\":\"column\",\"props\":{\"image_position\":\"center-center\",\"position_sticky_breakpoint\":\"m\",\"width_medium\":\"3-5\"},\"children\":[{\"type\":\"image\",\"props\":{\"image\":\"wp-content\\\/uploads\\\/2022\\\/12\\\/logo-chezdany-noir.png\",\"image_svg_color\":\"emphasis\",\"image_width\":\"300\",\"margin\":\"default\",\"text_align\":\"center\"}},{\"type\":\"text\",\"props\":{\"column_breakpoint\":\"m\",\"content\":\"\n\n<p>chez dany \\\/ restaurant d'altitude \\\/ hameau de clambin <br \\\/><strong><span style=\\\"font-size: 22px;\\\">1936<\\\/span><\\\/strong> verbier \\\/ suisse<\\\/p>\",\"margin\":\"default\",\"text_align\":\"center\"}},{\"type\":\"image\",\"props\":{\"image\":\"wp-content\\\/uploads\\\/2022\\\/12\\\/hache.png\",\"image_svg_color\":\"emphasis\",\"margin\":\"default\",\"text_align\":\"center\"}},{\"type\":\"text\",\"props\":{\"column_breakpoint\":\"m\",\"content\":\"nich\\u00e9 au c\\u0153ur du hameau de clambin, le restaurant vous accueille midi et soir durant toute la saison d'hiver & d'\\u00e9t\\u00e9, dans un chalet authentique, loin de la foule, en t\\u00eate \\u00e0 t\\u00eate avec les montagnes. d\\u00e9gustez une cuisine traditionnelle retravaill\\u00e9e \\u00e0 base de produits frais de la r\\u00e9gion, mijot\\u00e9e chaque jour par notre chef et son \\u00e9quipe. venez partager un moment inoubliable dans une ambiance chaleureuses. \\u00e0 seulement 20 minutes \\u00e0 pied de carrefour ou 10 minutes en ski des ruinettes, suivez la carte ci-dessous pour rejoindre le restaurant et d\\u00e9couvrez tous les chemins qui m\\u00e8nent au hameau de clambin.\\n\",\"margin\":\"default\",\"text_align\":\"center\"}}]},{\"type\":\"column\",\"props\":{\"image_position\":\"center-center\",\"position_sticky_breakpoint\":\"m\",\"width_medium\":\"1-5\"}}]}]},{\"type\":\"section\",\"props\":{\"image_position\":\"center-center\",\"style\":\"default\",\"title_breakpoint\":\"xl\",\"title_position\":\"top-left\",\"title_rotation\":\"left\",\"vertical_align\":\"\",\"width\":\"\"},\"children\":[{\"type\":\"row\",\"children\":[{\"type\":\"column\",\"props\":{\"image_position\":\"center-center\",\"position_sticky_breakpoint\":\"m\"},\"children\":[{\"type\":\"overlay-slider\",\"props\":{\"link_style\":\"default\",\"link_text\":\"Read more\",\"margin\":\"default\",\"meta_align\":\"below-title\",\"meta_element\":\"div\",\"meta_style\":\"text-meta\",\"nav\":\"\",\"nav_align\":\"center\",\"nav_breakpoint\":\"s\",\"overlay_mode\":\"cover\",\"overlay_position\":\"center\",\"overlay_transition\":\"fade\",\"show_content\":true,\"show_hover_image\":true,\"show_hover_video\":true,\"show_link\":true,\"show_meta\":true,\"show_title\":true,\"slidenav\":\"default\",\"slidenav_breakpoint\":\"s\",\"slidenav_color\":\"light\",\"slidenav_large\":true,\"slidenav_margin\":\"medium\",\"slidenav_outside_breakpoint\":\"xl\",\"slider_autoplay\":true,\"slider_autoplay_pause\":true,\"slider_center\":true,\"slider_finite\":false,\"slider_gap\":\"small\",\"slider_width\":\"\",\"slider_width_default\":\"1-1\",\"slider_width_medium\":\"1-3\",\"text_align\":\"center\",\"title_element\":\"h3\",\"title_hover_style\":\"reset\"},\"children\":[{\"type\":\"overlay-slider_item\",\"props\":{\"image\":\"wp-content\\\/uploads\\\/2022\\\/12\\\/photo-accueil-galerie1-01.png\"}},{\"type\":\"overlay-slider_item\",\"props\":{\"image\":\"wp-content\\\/uploads\\\/2022\\\/12\\\/007bc-photo-accueil-galerie1-00-compressor.jpg\"}},{\"type\":\"overlay-slider_item\",\"props\":{\"image\":\"wp-content\\\/uploads\\\/2022\\\/12\\\/photo-chezdany-000.png\"}},{\"type\":\"overlay-slider_item\",\"props\":{\"image\":\"wp-content\\\/uploads\\\/2022\\\/12\\\/af783-photo-accueil-galerie1-04-compressor.jpg\"}},{\"type\":\"overlay-slider_item\",\"props\":{\"image\":\"wp-content\\\/uploads\\\/2022\\\/12\\\/c4f86-photo-accueil-galerie1-03-compressor.jpg\"}},{\"type\":\"overlay-slider_item\",\"props\":{\"image\":\"wp-content\\\/uploads\\\/2022\\\/12\\\/da0c1-photo-accueil-galerie1-02-compressor.jpg\"}},{\"type\":\"overlay-slider_item\",\"props\":{\"image\":\"wp-content\\\/uploads\\\/2022\\\/12\\\/1e033-photo-accueil-galerie2-00.jpg\"}}]}]}]}],\"name\":\"slideshow\"},{\"type\":\"section\",\"props\":{\"image_position\":\"center-center\",\"style\":\"default\",\"title_breakpoint\":\"xl\",\"title_position\":\"top-left\",\"title_rotation\":\"left\",\"vertical_align\":\"\",\"width\":\"default\"},\"children\":[{\"type\":\"row\",\"props\":{\"layout\":\"1-5,3-5,1-5\"},\"children\":[{\"type\":\"column\",\"props\":{\"image_position\":\"center-center\",\"position_sticky_breakpoint\":\"m\",\"width_medium\":\"1-5\"}},{\"type\":\"column\",\"props\":{\"image_position\":\"center-center\",\"position_sticky_breakpoint\":\"m\",\"width_medium\":\"3-5\"},\"children\":[{\"type\":\"image\",\"props\":{\"image\":\"wp-content\\\/uploads\\\/2022\\\/12\\\/ecureuil.png\",\"image_svg_color\":\"emphasis\",\"image_width\":\"70\",\"margin\":\"default\",\"text_align\":\"center\"}},{\"type\":\"headline\",\"props\":{\"content\":\"<strong>CARTE DU PAYS DE CLAMBIN<\\\/strong>\",\"text_align\":\"center\",\"title_element\":\"h3\",\"title_style\":\"h3\"}},{\"type\":\"text\",\"props\":{\"column_breakpoint\":\"m\",\"content\":\"latitude : 46.086701 \\\/ longitude : 7.236324 \\\/ altitude : 1715 m\\u00e8tres\\n\",\"margin\":\"default\",\"text_align\":\"center\"}}]},{\"type\":\"column\",\"props\":{\"image_position\":\"center-center\",\"position_sticky_breakpoint\":\"m\",\"width_medium\":\"1-5\"}}]},{\"type\":\"row\",\"children\":[{\"type\":\"column\",\"props\":{\"image_position\":\"center-center\",\"position_sticky_breakpoint\":\"m\"},\"children\":[{\"type\":\"image\",\"props\":{\"image\":\"wp-content\\\/uploads\\\/2022\\\/12\\\/carte-scaled.jpg\",\"image_svg_color\":\"emphasis\",\"link\":\"wp-content\\\/uploads\\\/2022\\\/12\\\/carte-scaled.jpg\",\"margin\":\"default\",\"text_align\":\"center\"}}]}]}],\"name\":\"carte du pays de clambin\"},{\"type\":\"section\",\"props\":{\"image_position\":\"center-center\",\"padding_remove_bottom\":true,\"style\":\"default\",\"title_breakpoint\":\"xl\",\"title_position\":\"top-left\",\"title_rotation\":\"left\",\"vertical_align\":\"\",\"width\":\"default\"},\"children\":[{\"type\":\"row\",\"props\":{\"layout\":\"1-5,3-5,1-5\"},\"children\":[{\"type\":\"column\",\"props\":{\"image_position\":\"center-center\",\"position_sticky_breakpoint\":\"m\",\"width_medium\":\"1-5\"}},{\"type\":\"column\",\"props\":{\"image_position\":\"center-center\",\"position_sticky_breakpoint\":\"m\",\"width_medium\":\"3-5\"},\"children\":[{\"type\":\"image\",\"props\":{\"image\":\"wp-content\\\/uploads\\\/2022\\\/12\\\/montagnes-illustration.png\",\"image_svg_color\":\"emphasis\",\"image_width\":\"130\",\"margin\":\"default\",\"text_align\":\"center\"}},{\"type\":\"headline\",\"props\":{\"content\":\"<strong>CONTACT &amp; ACC\\u00c8S<\\\/strong>\",\"text_align\":\"center\",\"title_element\":\"h3\",\"title_style\":\"h3\"}},{\"type\":\"text\",\"props\":{\"column_breakpoint\":\"m\",\"content\":\"hameau de clambin \\\/ 1936\\u00a0verbier \\\/ suisse<br \/>\\n<span style=\\\"font-size: 22px;\\\">027 771 25 24<\\\/span> \",\"margin\":\"default\",\"text_align\":\"center\"}},{\"type\":\"social\",\"props\":{\"grid\":\"horizontal\",\"grid_column_gap\":\"small\",\"grid_row_gap\":\"small\",\"image_svg_inline\":true,\"link_style\":\"link\",\"link_target\":true,\"margin\":\"default\",\"text_align\":\"center\"},\"children\":[{\"type\":\"social_item\",\"props\":{\"link\":\"https:\\\/\\\/www.facebook.com\\\/chezdanyverbier\"}},{\"type\":\"social_item\",\"props\":{\"link\":\"https:\\\/\\\/www.instagram.com\\\/chezdanyverbier\\\/\"}}]}]},{\"type\":\"column\",\"props\":{\"image_position\":\"center-center\",\"position_sticky_breakpoint\":\"m\",\"width_medium\":\"1-5\"}}]}],\"name\":\"contact et acc\\u00e8s\"},{\"type\":\"section\",\"props\":{\"image_position\":\"center-center\",\"padding_remove_bottom\":true,\"style\":\"default\",\"title_breakpoint\":\"xl\",\"title_position\":\"top-left\",\"title_rotation\":\"left\",\"vertical_align\":\"\",\"width\":\"\"},\"children\":[{\"type\":\"row\",\"children\":[{\"type\":\"column\",\"props\":{\"image_position\":\"center-center\",\"position_sticky_breakpoint\":\"m\"},\"children\":[{\"type\":\"map\",\"props\":{\"controls\":true,\"dragging\":true,\"height\":\"435\",\"image_svg_color\":\"emphasis\",\"link_style\":\"default\",\"link_text\":\"Read more\",\"margin\":\"large\",\"margin_remove_bottom\":false,\"marker_icon\":\"wp-content\\\/uploads\\\/2022\\\/12\\\/ici-chez-dany.png\",\"max_zoom\":18,\"meta_align\":\"below-title\",\"meta_element\":\"div\",\"meta_style\":\"text-meta\",\"min_zoom\":0,\"poi\":false,\"popup_max_width\":\"200\",\"show_content\":true,\"show_image\":true,\"show_link\":true,\"show_meta\":true,\"show_title\":true,\"styler_gamma\":\"0.3\",\"styler_invert_lightness\":false,\"styler_lightness\":\"90\",\"styler_saturation\":\"-100\",\"title_element\":\"h3\",\"title_hover_style\":\"reset\",\"type\":\"roadmap\",\"zoom\":\"16\",\"zooming\":false},\"children\":[{\"type\":\"map_item\",\"props\":{\"content\":\"\n\n<h4><span>Chez Dany<\\\/span><\\\/h4>\\n\n\n<p><span>Hameau de Clambin, 10<\\\/span><br \\\/><span>1936 Verbier \\\/ Suisse<\\\/span><\\\/p>\",\"location\":\"46.086706,7.2362824\"}}]}]}]}],\"name\":\"carte\"}],\"version\":\"4.4.20\"} --><\/p>\n","protected":false},"excerpt":{"rendered":"<p>chez dany \/ restaurant d&rsquo;altitude \/ hameau de clambin 1936 verbier \/ suisse nich\u00e9 au c\u0153ur du hameau de clambin, le restaurant vous accueille midi et soir durant toute la saison d&rsquo;hiver &#038; d&rsquo;\u00e9t\u00e9, dans un chalet authentique, loin de la foule, en t\u00eate \u00e0 t\u00eate avec les montagnes. d\u00e9gustez une cuisine traditionnelle retravaill\u00e9e \u00e0 [&hellip;]<\/p>\n","protected":false},"author":1,"featured_media":0,"parent":0,"menu_order":0,"comment_status":"closed","ping_status":"closed","template":"","meta":{"footnotes":""},"class_list":["post-11","page","type-page","status-publish","hentry"],"yoast_head":"<!-- This site is optimized with the Yoast SEO plugin v26.7 - https:\/\/yoast.com\/wordpress\/plugins\/seo\/ -->\n<title>Chez Dany - Restaurant de Montagne<\/title>\n<meta name=\"description\" content=\"Chez Dany - Restaurant de Montagne | Nich\u00e9 au c\u0153ur du hameau de clambin, le restaurant vous accueille midi et soir durant toute la saison ...\" \/>\n<meta name=\"robots\" content=\"index, follow, max-snippet:-1, max-image-preview:large, max-video-preview:-1\" \/>\n<link rel=\"canonical\" href=\"https:\/\/chezdany.ch\/wordpress\/\" \/>\n<meta property=\"og:locale\" content=\"fr_FR\" \/>\n<meta property=\"og:type\" content=\"article\" \/>\n<meta property=\"og:title\" content=\"Chez Dany - Restaurant de Montagne\" \/>\n<meta property=\"og:description\" content=\"Chez Dany - Restaurant de Montagne | Nich\u00e9 au c\u0153ur du hameau de clambin, le restaurant vous accueille midi et soir durant toute la saison ...\" \/>\n<meta property=\"og:url\" content=\"https:\/\/chezdany.ch\/wordpress\/\" \/>\n<meta property=\"og:site_name\" content=\"Chez Dany\" \/>\n<meta property=\"article:publisher\" content=\"https:\/\/www.facebook.com\/chezdanyverbier\" \/>\n<meta property=\"article:modified_time\" content=\"2025-01-10T12:35:14+00:00\" \/>\n<meta name=\"twitter:card\" content=\"summary_large_image\" \/>\n<meta name=\"twitter:label1\" content=\"Dur\u00e9e de lecture estim\u00e9e\" \/>\n\t<meta name=\"twitter:data1\" content=\"5 minutes\" \/>\n<script type=\"application\/ld+json\" class=\"yoast-schema-graph\">{\"@context\":\"https:\/\/schema.org\",\"@graph\":[{\"@type\":\"WebPage\",\"@id\":\"https:\/\/chezdany.ch\/wordpress\/\",\"url\":\"https:\/\/chezdany.ch\/wordpress\/\",\"name\":\"Chez Dany - Restaurant de Montagne\",\"isPartOf\":{\"@id\":\"https:\/\/chezdany.ch\/wordpress\/#website\"},\"datePublished\":\"2022-12-01T17:07:09+00:00\",\"dateModified\":\"2025-01-10T12:35:14+00:00\",\"description\":\"Chez Dany - Restaurant de Montagne | Nich\u00e9 au c\u0153ur du hameau de clambin, le restaurant vous accueille midi et soir durant toute la saison ...\",\"breadcrumb\":{\"@id\":\"https:\/\/chezdany.ch\/wordpress\/#breadcrumb\"},\"inLanguage\":\"fr-FR\",\"potentialAction\":[{\"@type\":\"ReadAction\",\"target\":[\"https:\/\/chezdany.ch\/wordpress\/\"]}]},{\"@type\":\"BreadcrumbList\",\"@id\":\"https:\/\/chezdany.ch\/wordpress\/#breadcrumb\",\"itemListElement\":[{\"@type\":\"ListItem\",\"position\":1,\"name\":\"Accueil\",\"item\":\"https:\/\/chezdany.ch\/wordpress\/\"},{\"@type\":\"ListItem\",\"position\":2,\"name\":\"chez dany\"}]},{\"@type\":\"WebSite\",\"@id\":\"https:\/\/chezdany.ch\/wordpress\/#website\",\"url\":\"https:\/\/chezdany.ch\/wordpress\/\",\"name\":\"Chez Dany\",\"description\":\"Restaurant de Montagne\",\"publisher\":{\"@id\":\"https:\/\/chezdany.ch\/wordpress\/#organization\"},\"potentialAction\":[{\"@type\":\"SearchAction\",\"target\":{\"@type\":\"EntryPoint\",\"urlTemplate\":\"https:\/\/chezdany.ch\/wordpress\/?s={search_term_string}\"},\"query-input\":{\"@type\":\"PropertyValueSpecification\",\"valueRequired\":true,\"valueName\":\"search_term_string\"}}],\"inLanguage\":\"fr-FR\"},{\"@type\":\"Organization\",\"@id\":\"https:\/\/chezdany.ch\/wordpress\/#organization\",\"name\":\"Chez Dany\",\"url\":\"https:\/\/chezdany.ch\/wordpress\/\",\"logo\":{\"@type\":\"ImageObject\",\"inLanguage\":\"fr-FR\",\"@id\":\"https:\/\/chezdany.ch\/wordpress\/#\/schema\/logo\/image\/\",\"url\":\"https:\/\/chezdany.ch\/wordpress\/wp-content\/uploads\/2022\/12\/logo-chezdany-noir.png\",\"contentUrl\":\"https:\/\/chezdany.ch\/wordpress\/wp-content\/uploads\/2022\/12\/logo-chezdany-noir.png\",\"width\":1100,\"height\":285,\"caption\":\"Chez Dany\"},\"image\":{\"@id\":\"https:\/\/chezdany.ch\/wordpress\/#\/schema\/logo\/image\/\"},\"sameAs\":[\"https:\/\/www.facebook.com\/chezdanyverbier\",\"https:\/\/www.instagram.com\/chezdanyverbier\/\"]}]}<\/script>\n<!-- \/ Yoast SEO plugin. -->","yoast_head_json":{"title":"Chez Dany - Restaurant de Montagne","description":"Chez Dany - Restaurant de Montagne | Nich\u00e9 au c\u0153ur du hameau de clambin, le restaurant vous accueille midi et soir durant toute la saison ...","robots":{"index":"index","follow":"follow","max-snippet":"max-snippet:-1","max-image-preview":"max-image-preview:large","max-video-preview":"max-video-preview:-1"},"canonical":"https:\/\/chezdany.ch\/wordpress\/","og_locale":"fr_FR","og_type":"article","og_title":"Chez Dany - Restaurant de Montagne","og_description":"Chez Dany - Restaurant de Montagne | Nich\u00e9 au c\u0153ur du hameau de clambin, le restaurant vous accueille midi et soir durant toute la saison ...","og_url":"https:\/\/chezdany.ch\/wordpress\/","og_site_name":"Chez Dany","article_publisher":"https:\/\/www.facebook.com\/chezdanyverbier","article_modified_time":"2025-01-10T12:35:14+00:00","twitter_card":"summary_large_image","twitter_misc":{"Dur\u00e9e de lecture estim\u00e9e":"5 minutes"},"schema":{"@context":"https:\/\/schema.org","@graph":[{"@type":"WebPage","@id":"https:\/\/chezdany.ch\/wordpress\/","url":"https:\/\/chezdany.ch\/wordpress\/","name":"Chez Dany - Restaurant de Montagne","isPartOf":{"@id":"https:\/\/chezdany.ch\/wordpress\/#website"},"datePublished":"2022-12-01T17:07:09+00:00","dateModified":"2025-01-10T12:35:14+00:00","description":"Chez Dany - Restaurant de Montagne | Nich\u00e9 au c\u0153ur du hameau de clambin, le restaurant vous accueille midi et soir durant toute la saison ...","breadcrumb":{"@id":"https:\/\/chezdany.ch\/wordpress\/#breadcrumb"},"inLanguage":"fr-FR","potentialAction":[{"@type":"ReadAction","target":["https:\/\/chezdany.ch\/wordpress\/"]}]},{"@type":"BreadcrumbList","@id":"https:\/\/chezdany.ch\/wordpress\/#breadcrumb","itemListElement":[{"@type":"ListItem","position":1,"name":"Accueil","item":"https:\/\/chezdany.ch\/wordpress\/"},{"@type":"ListItem","position":2,"name":"chez dany"}]},{"@type":"WebSite","@id":"https:\/\/chezdany.ch\/wordpress\/#website","url":"https:\/\/chezdany.ch\/wordpress\/","name":"Chez Dany","description":"Restaurant de Montagne","publisher":{"@id":"https:\/\/chezdany.ch\/wordpress\/#organization"},"potentialAction":[{"@type":"SearchAction","target":{"@type":"EntryPoint","urlTemplate":"https:\/\/chezdany.ch\/wordpress\/?s={search_term_string}"},"query-input":{"@type":"PropertyValueSpecification","valueRequired":true,"valueName":"search_term_string"}}],"inLanguage":"fr-FR"},{"@type":"Organization","@id":"https:\/\/chezdany.ch\/wordpress\/#organization","name":"Chez Dany","url":"https:\/\/chezdany.ch\/wordpress\/","logo":{"@type":"ImageObject","inLanguage":"fr-FR","@id":"https:\/\/chezdany.ch\/wordpress\/#\/schema\/logo\/image\/","url":"https:\/\/chezdany.ch\/wordpress\/wp-content\/uploads\/2022\/12\/logo-chezdany-noir.png","contentUrl":"https:\/\/chezdany.ch\/wordpress\/wp-content\/uploads\/2022\/12\/logo-chezdany-noir.png","width":1100,"height":285,"caption":"Chez Dany"},"image":{"@id":"https:\/\/chezdany.ch\/wordpress\/#\/schema\/logo\/image\/"},"sameAs":["https:\/\/www.facebook.com\/chezdanyverbier","https:\/\/www.instagram.com\/chezdanyverbier\/"]}]}},"_links":{"self":[{"href":"https:\/\/chezdany.ch\/wordpress\/index.php\/wp-json\/wp\/v2\/pages\/11","targetHints":{"allow":["GET"]}}],"collection":[{"href":"https:\/\/chezdany.ch\/wordpress\/index.php\/wp-json\/wp\/v2\/pages"}],"about":[{"href":"https:\/\/chezdany.ch\/wordpress\/index.php\/wp-json\/wp\/v2\/types\/page"}],"author":[{"embeddable":true,"href":"https:\/\/chezdany.ch\/wordpress\/index.php\/wp-json\/wp\/v2\/users\/1"}],"replies":[{"embeddable":true,"href":"https:\/\/chezdany.ch\/wordpress\/index.php\/wp-json\/wp\/v2\/comments?post=11"}],"version-history":[{"count":50,"href":"https:\/\/chezdany.ch\/wordpress\/index.php\/wp-json\/wp\/v2\/pages\/11\/revisions"}],"predecessor-version":[{"id":466,"href":"https:\/\/chezdany.ch\/wordpress\/index.php\/wp-json\/wp\/v2\/pages\/11\/revisions\/466"}],"wp:attachment":[{"href":"https:\/\/chezdany.ch\/wordpress\/index.php\/wp-json\/wp\/v2\/media?parent=11"}],"curies":[{"name":"wp","href":"https:\/\/api.w.org\/{rel}","templated":true}]}}